he highest common factor of 15 and x?
15
Let o(l) = -l**3 + l**2 + 13. Let z be o(0). Suppose 4*v + 39 = 15. Let w be 133 + (v - (-6 - -3)). What is the greatest common factor of z and w?
13
Let m(p) = 4*p. Let l be m(1). Suppose 0*j = -2*j + l. Calculate the greatest common divisor of j and 3.
1
Let s = -15 - -34. Let u be s + -2 + 12/4. Calculate the greatest common divisor of u and 5.
5
Let q = 6 + -7. Let l be q - -3 - 2 - -15. Suppose 180 = 3*w - 4*o - 0*o, 0 = -2*o. Calculate the highest common divisor of w and l.
15
Let d = 135 - 117. Calculate the highest common divisor of 30 and d.
6
Let k(r) = 4*r**2 + 3*r - 2. Let q be k(-4). Let f be (-1)/(-1)*(128 - 3). What is the highest common factor of f and q?
25
Suppose -5*b = 4*w - 32, -2*b = -4*w + 2 + 2. Let y(o) = o**3 - o**2 - 4*o. Let f be y(3). Calculate the highest common divisor of w and f.
3
Let h be -2 + 1 - (-2 - 0). Let q be (-2)/8 + 306/8. Let v be (0 - h) + q - -2. Calculate the greatest common factor of v and 26.
13
Let d(v) = 3*v + 1. Let u be d(1). Suppose -a = u*a - 45. Calculate the greatest common divisor of 18 and a.
9
Suppose 0 = -2*c - 6, -5*c + 2*c = -2*k + 101. Calculate the highest common divisor of 69 and k.
23
Suppose -2*x = -3*x. Suppose 2 = -r + 5. Suppose x*o - 15 = -r*o. What is the greatest common divisor of 1 and o?
1
Let y be ((-76)/10)/(1/(-25)). Suppose 6*t = t + y. Suppose 5*n - t = 42. Calculate the highest common factor of n and 176.
16
Let s(w) = -3*w + 32. Let y be s(-4). Suppose 5*j - 8 = 3*j. What is the highest common divisor of y and j?
4
Suppose n - 48 = -2*n. Suppose -o = -z - z + 29, -4*o + 12 = 0. Calculate the greatest common divisor of n and z.
16
Let b be 36/8*4/6. Let c = 6 - b. Suppose -k + c*k - 24 = 0. Calculate the greatest common factor of 120 and k.
12
Let m be -1*92*(1 + -2). Suppose 33 = -3*i + 5*y, 0 = -7*i + 2*i - 4*y - 18. Let t be m/12 - (-4)/i. What is the highest common factor of 28 and t?
7
Suppose 7 = 4*i - 9. Suppose 0 = 3*j - i*j + 20. What is the greatest common factor of j and 5?
5
Let l(h) = h**3 - 4*h**2 - 7*h + 6. Let i be l(5). Let v(a) = -a**3 - 2*a**2 + a + 1. Let x be v(i). What is the greatest common divisor of 203 and x?
29
Suppose 3*d - 3*a - 100 = -2*d, 3*a - 2 = -d. Let r be 1 + (-16)/18 - (-916)/18. Calculate the greatest common divisor of d and r.
17
Let n be 2 - (2 - 15*1). Suppose 13*i + 240 = 15*i. Calculate the greatest common factor of n and i.
15
Let a be 1 + 1 + -4 + 4. Suppose -a*k - n + 11 = 0, -4*n = 4*k - k - 9. Let m be (2/2)/(1/k). Calculate the highest common factor of 35 and m.
7
Let t be (-2)/4 - (-18)/4. Let i be 1 - (-1 + 2 + 20). Let k be (18/(-15))/(2/i). Calculate the greatest common factor of k and t.
4
Let a(p) = p**3 - 12*p**2 + 11*p - 10. Let h be a(11). Let o be (2 - 0)*(-35)/h. What is the greatest common divisor of 35 and o?
7
Let b(o) be the second derivative of o**5/20 + o**4/4 - o**3/3 - 2*o. Let j be b(2). What is the greatest common factor of j and 4?
4
Let n(s) = -3*s + 7. Let j(k) = -2*k + 5. Let g(t) = -7*j(t) + 5*n(t). Let b be g(-1). Suppose 0*m = 5*m - 5. Calculate the greatest common divisor of m and b.
1
Suppose -d + 2 = -2. Suppose -4*p - d*z + 70 = 22, p - z = 14. Calculate the greatest common divisor of p and 39.
13
Suppose 0 = 3*j - z - 46, -51 = -2*j + z - 20. Let r = 98 + 22. Let l = r + -75. What is the highest common factor of l and j?
15
Let m = -18 + 23. Suppose -2*i + 100 = 3*i. Calculate the greatest common factor of i and m.
5
Suppose 0 = 3*s + 5 - 26. Let p(m) = m**2 + 3*m - 5. Let v be p(5). What is the highest common factor of v and s?
7
Suppose 5*v + 47 = -33. Let c = 26 + v. Calculate the highest common divisor of c and 30.
10
Let j be 2/(-1) - (-1 + -71). Let d = j - -15. What is the greatest common divisor of d and 17?
17
Let m(g) = -g**3 + 9*g**2 - 7*g - 5. Let p be m(8). Calculate the greatest common factor of 27 and p.
3
Let f be (-41)/(-4) + (-1)/4. Let t be -1 - (f/(-1))/1. Suppose -3*n + 34 + 182 = 0. Calculate the greatest common divisor of n and t.
9
Suppose -3*z + 49 = 13. Calculate the greatest common divisor of z and 12.
12
Suppose -5*s - 5*l + 135 = 0, 0 = -2*s - 3*s + 4*l + 126. Let j = s + -13. Let w = 94 - 55. Calculate the greatest common factor of j and w.
13
Suppose 75 - 215 = -2*h. Let f = -13 + 23. What is the greatest common factor of h and f?
10
Suppose 4*z - 313 = -33. Suppose -3*l + 79 - 29 = -2*a, -8 = 2*a. Calculate the highest common factor of l and z.
14
Let z = -9 - -9. Suppose z = -6*w + 3*w + 12. Calculate the highest common divisor of 4 and w.
4
Suppose -4*h - 4*r + 24 = 0, 3 = -4*r + 11. Calculate the highest common divisor of 16 and h.
4
Let p = 54 - 24. What is the greatest common divisor of 5 and p?
5
Suppose -3*v + 4*x - 3*x - 25 = 0, x - 15 = 2*v. Let y be 6*(-2 - v/4). Calculate the highest common factor of y and 21.
3
Let d(h) = 111*h**2 - 2*h + 3. Let i be d(-3). Let z be (6/8)/(6/i). Calculate the greatest common divisor of z and 14.
14
Let x(b) = b**2 - b + 30. Suppose 0 = 4*a + c - 2, -2*a + 0*c - 4 = -2*c. Let z be x(a). Calculate the greatest common divisor of 6 and z.
6
Let l be ((-39)/15 + 2)*-5. Suppose 2*a - 3*i = 3*a + 14, -4*i = 20. What is the highest common factor of a and l?
1
Let d be 3 + (36/21)/((-4)/(-42)). Calculate the greatest common divisor of 21 and d.
21
Let p = -4 + 3. Let j be (0/(-3) - -11) + p. Let z(h) = -11*h + 3. Let n be z(-7). What is the greatest common factor of j and n?
10
Suppose 4*z = -2*u - 30, u + 30 = -3*z - 3*u. Let o = 7 + z. Let i(j) = 37*j - 1. Let h be i(o). Calculate the greatest common divisor of h and 54.
18
Suppose 4*l - 122 = -3*v, -4*v - 250 = -9*v + 5*l. What is the highest common factor of 69 and v?
23
Let f = -5 - -9. Suppose -f*j + 125 = n - 35, -n + 3*j + 195 = 0. Suppose 5*q = q + n. What is the greatest common factor of 5 and q?
5
Let v(d) be the third derivative of d**6/60 - d**5/20 - d**4/8 - d**3/6 - 3*d**2. Let r be v(3). What is the greatest common divisor of 68 and r?
17
Let d = -65 - -129. What is the greatest common divisor of d and 8?
8
Suppose 0 = -3*i + 5 + 22. Let j be -4 - (-2 - 0) - -83. What is the greatest common factor of j and i?
9
Let w be -7*(2 + (-32)/14). Suppose 5*j - 177 = -67. Calculate the greatest common divisor of j and w.
2
Suppose s - 1 = 17. What is the greatest common divisor of s and 18?
18
Let j = 40 - 22. Let y be 86/j - 6/(-27). Suppose 0 = y*g + 17 - 77. Calculate the greatest common factor of g and 48.
12
Let m = 1 + 2. Let l = m + -3. Suppose l*b - 305 = -2*t - b, 0 = t + 2*b - 151. Calculate the greatest common divisor of 17 and t.
17
Let h(m) = 8*m**2 + 6*m + 1. Let t be h(3). Calculate the highest common divisor of 26 and t.
13
Suppose -5*i - 2*w + 20 = 0, -5*w = -i - 0 + 4. What is the highest common divisor of 6 and i?
2
Suppose 0 = 5*q - 2*q - 30. Let u be ((-15)/(-6))/(2/52). Suppose -415 = -5*n - u. Calculate the highest common factor of q and n.
10
Suppose -5*d + 18 = d. Suppose 0 = -3*m + 3*i + 78, m - 12 - 17 = -2*i. What is the greatest common factor of m and d?
3
Let t be (30/(-18))/(10/(-12)). What is the highest common divisor of 7 and t?
1
Suppose o = 3*h + 6, 6*h = 2*h - 8. Let c be 44/11 - (o + -16). What is the highest common factor of 140 and c?
20
Let x be 45/(-6)*56/(-6). Suppose d + d = x. Calculate the highest common divisor of 7 and d.
7
Let o be -4 - -2 - (-75)/5. Calculate the greatest common divisor of o and 13.
13
Let r = -208 - -400. What is the greatest common factor of r and 24?
24
Suppose 3*c = 4 - 1. Let d = c - -1. Calculate the highest common factor of 18 and d.
2
Let x(w) = w**2 - w + 2. Let z be x(0). Let y be 5/(1/1) - z. What is the highest common factor of 9 and y?
3
Let c be -2 - 23*(-1 + -1). Calculate the highest common factor of 4 and c.
4
Let l = -20 - -35. Suppose -14 = -5*h + 6. Suppose -1 - l = -h*p. Calculate the highest common divisor of p and 32.
4
Suppose -4*a - 14 = d, 0 = d + a - 3 + 2. Suppose 3*y - z = 2, -3*y + 4*z - 1 = 9. Suppose 0 = -0*x - y*x + 8. Calculate the greatest common divisor of x and d.
2
Let r be 2/11 + 339/99*9. Calculate the highest common factor of r and 124.
31
Let k be 12/5 - (-6)/(-15). Suppose k*a - b = -5, 2*b - 20 = -2*b. 